he hundreds digit of 29478?
4
What is the thousands digit of 1915?
1
What is the ten thousands digit of 25409?
2
What is the tens digit of 1767?
6
What is the ten thousands digit of 15769?
1
What is the tens digit of 107?
0
What is the tens digit of 110256?
5
What is the units digit of 1120?
0
What is the thousands digit of 4988?
4
What is the thousands digit of 17428?
7
What is the ten thousands digit of 13560?
1
What is the hundreds digit of 6908?
9
What is the ten thousands digit of 11475?
1
What is the units digit of 917?
7
What is the tens digit of 3835?
3
What is the tens digit of 508?
0
What is the tens digit of 303?
0
What is the hundreds digit of 2367?
3
What is the tens digit of 8861?
6
What is the ten thousands digit of 56126?
5
What is the thousands digit of 2046?
2
What is the thousands digit of 1131?
1
What is the tens digit of 242?
4
What is the ten thousands digit of 50491?
5
What is the units digit of 1107?
7
What is the units digit of 1159?
9
What is the units digit of 2150?
0
What is the tens digit of 420?
2
What is the thousands digit of 3554?
3
What is the tens digit of 1314?
1
What is the hundreds digit of 416?
4
What is the thousands digit of 10803?
0
What is the units digit of 8?
8
What is the hundreds digit of 744?
7
What is the ten thousands digit of 39272?
3
What is the units digit of 8211?
1
What is the ten thousands digit of 13848?
1
What is the units digit of 6818?
8
What is the units digit of 560?
0
What is the tens digit of 568?
6
What is the tens digit of 24145?
4
What is the thousands digit of 6190?
6
What is the tens digit of 4011?
1
What is the hundreds digit of 17764?
7
What is the thousands digit of 90531?
0
What is the tens digit of 1083?
8
What is the thousands digit of 40191?
0
What is the hundreds digit of 3041?
0
What is the thousands digit of 42982?
2
What is the hundreds digit of 12054?
0
What is the units digit of 17375?
5
What is the hundreds digit of 581?
5
What is the hundreds digit of 532?
5
What is the hundreds digit of 11489?
4
What is the hundreds digit of 3086?
0
What is the units digit of 13076?
6
What is the units digit of 19940?
0
What is the tens digit of 819?
1
What is the hundreds digit of 26212?
2
What is the tens digit of 2948?
4
What is the hundreds digit of 528?
5
What is the tens digit of 3008?
0
What is the hundreds digit of 18523?
5
What is the thousands digit of 6270?
6
What is the hundreds digit of 41277?
2
What is the units digit of 53018?
8
What is the thousands digit of 90222?
0
What is the units digit of 56?
6
What is the tens digit of 52506?
0
What is the hundreds digit of 1293?
2
What is the hundreds digit of 18723?
7
What is the units digit of 75066?
6
What is the tens digit of 118?
1
What is the thousands digit of 6513?
6
What is the units digit of 59817?
7
What is the units digit of 7719?
9
What is the hundreds digit of 6035?
0
What is the tens digit of 64?
6
What is the tens digit of 9502?
0
What is the tens digit of 6350?
5
What is the units digit of 2451?
1
What is the units digit of 334?
4
What is the units digit of 2646?
6
What is the thousands digit of 2240?
2
What is the tens digit of 4142?
4
What is the hundreds digit of 34293?
2
What is the hundreds digit of 39523?
5
What is the tens digit of 20418?
1
What is the tens digit of 5210?
1
What is the units digit of 9387?
7
What is the tens digit of 3964?
6
What is the units digit of 829?
9
What is the tens digit of 19213?
1
What is the tens digit of 936?
3
What is the hundreds digit of 229?
2
What is the thousands digit of 3655?
3
What is the thousands digit of 4940?
4
What is the hundreds digit of 297?
2
What is the thousands digit of 6704?
6
What is the hundreds digit of 27976?
9
What is the ten thousands digit of 29203?
2
What is the hundreds digit of 618?
6
What is the units digit of 1306?
6
What is the units digit of 738?
8
What is the hundreds digit of 2146?
1
What is the tens digit of 9571?
7
What is the units digit of 475?
5
What is the units digit of 15502?
2
What is the units digit of 3183?
3
What is the hundreds digit of 78264?
2
What is the units digit of 7598?
8
What is the hundreds digit of 3547?
5
What is the hundreds digit of 1083?
0
What is the tens digit of 434?
3
What is the hundreds digit of 163900?
9
What is the units digit of 544?
4
What is the units digit of 18500?
0
What is the ten thousands digit of 100375?
0
What is the units digit of 40955?
5
What is the units digit of 89?
9
What is the tens digit of 1243?
4
What is the ten thousands digit of 10057?
1
What is the thousands digit of 4324?
4
What is the hundred thousands digit of 147111?
1
What is the ten thousands digit of 38932?
3
What is the hundreds digit of 488?
4
What is the tens digit of 1481?
8
What is the units digit of 34378?
8
What is the thousands digit of 6724?
6
What is the tens digit of 875?
7
What is the hundreds digit of 2794?
7
What is the thousands digit of 2242?
2
What is the units digit of 44206?
6
What is the hundreds digit of 17687?
6
What is the units digit of 390?
0
What is the tens digit of 181533?
3
What is the hundreds digit of 6669?
6
What is the thousands digit of 7494?
7
What is the units digit of 2807?
7
What is the tens digit of 80380?
8
What is the units digit of 19537?
7
What is the units digit of 24?
4
What is the hundreds digit of 6521?
5
What is the ten thousands digit of 50625?
5
What is the hundreds digit of 989?
9
What is the thousands digit of 20331?
0
What is the units digit of 23147?
7
What is the hundreds digit of 21376?
3
What is the thousands digit of 4377?
4
What is the hundreds digit of 7570?
5
What is the tens digit of 97464?
6
What is the units digit of 47119?
9
What is the ten thousands digit of 110377?
1
What is the hundreds digit of 7138?
1
What is the tens digit of 1796?
9
What is the tens digit of 1451?
5
What is the hundreds digit of 5247?
2
What is the units digit of 965?
5
What is the hundreds digit of 37795?
7
What is the units digit of 41869?
9
What is the tens digit of 5832?
3
What is the ten thousands digit of 17520?
1
What is the units digit of 21043?
3
What is the units digit of 4881?
1
What is the units digit of 1497?
7
What is the tens digit of 16095?
9
What is the ten thousands digit of 18834?
1
What is the ten thousands digit of 22401?
2
What is the hundreds digit of 21434?
4
What is the units digit of 79?
9
What is the tens digit of 31143?
4
What is the hundreds digit of 2700?
7
What is the units digit of 854?
4
What is the tens digit of 3203?
0
What is the units digit of 17369?
9
What is the units digit of 102284?
4
What is the thousands digit of 2357?
2
What is the ten thousands digit of 31876?
3
What is the tens digit of 437?
3
What is the hundreds digit of 1765?
7
What is the ten thousands digit of 27739?
2
What is the units digit of 4128?
8
What is the units digit of 2108?
8
What is the tens digit of 1028?
2
What is the hundreds digit of 4901?
9
What is the hundreds digit of 22151?
1
What is the tens digit of 2107?
0
What is the tens digit of 13654?
5
What is the tens digit of 9169?
6
What is the units digit of 141276?
6
What is the hundreds digit of 64481?
4
What is the thousands digit of 3806?
3
What is the hundreds digit of 4642?
6
What is the tens digit of 7107?
0
What is the hundreds digit of 2915?
9
What is the tens digit of 5329?
2
What is the units digit of 6126?
6
What is the hundreds digit of 875?
8
What is the hundreds digit of 27232?
2
What is the tens digit of 1266?
6
What is the units digit of 765?
5
What is the ten thousands digit of 61820?
6
What is the ten thousands digit of 13522?
1
What is the units digit of 349?
9
What is the thousands digit of 1027?
1
What is the units digit of 14729?
9
What is the units digit of 2299?
9
What is the hundred thousands digit of 102612?
1
What is the hundreds digit of 43388?
3
What is the tens digit of 10435?
3
What is the units digit of 68708?
8
What is the thousands digit of 1605?
1
What is the units digit of 476?
6
What is the thousands digit of 8016?
8
What is the tens digit of 2911?
1
What is the tens digit of 1590?
9
What is the thousands digit of 3021?
3
What is the hundreds digit of 92848?
8
What is the thousands digit of 119204?
9
What is the tens digit of 561?
6
What is the thousands digit of 1444?